the tens digit of j?
2
Suppose 0 = -4*m - m + 10. What is the units digit of m?
2
Let b(a) = a**2 + 11*a + 8. Let y(l) = -l - 5. Let f be y(-8). Let m(i) = -i**3 + 2*i**2 - 2. Let x be m(f). What is the units digit of b(x)?
8
Let a = 7 + 0. What is the units digit of a?
7
Suppose v + 74 = 3*v. Let u = v - 16. What is the tens digit of u?
2
Let z(m) = 2*m**3 - 9*m**2 - 4*m - 30. What is the units digit of z(7)?
7
Let a(q) = 5*q. Let c(g) = g**3 - 5*g**2 + 7*g - 6. Let p be c(4). Suppose 0*h + 4 = h, 2*h - p = b. What is the units digit of a(b)?
0
Let h be -4*2*(-3)/12. Suppose w - 3*a - 15 = 2*a, 2*w + h*a - 6 = 0. What is the units digit of w?
5
Let i(u) = 9*u**2 + 4*u. What is the tens digit of i(-2)?
2
Suppose 0 = -2*m + 7 + 1. Suppose 0*o = -o, -m*o = 4*x - 4. What is the units digit of -5*(x + -2 + 0)?
5
Suppose 5*d = 2*c + 55, -3*d - 13 = 5*c + 47. Let z be (-3 + 2)/((-8)/176). Let u = c + z. What is the units digit of u?
7
Suppose -4*g + 107 = -41. What is the tens digit of g?
3
What is the units digit of (-4)/(-16) + 69/12?
6
What is the units digit of 14/(((-2)/17)/(-1))?
9
Let m(d) = 30*d + 9. Let o be m(-3). Let h = o - -128. What is the tens digit of h?
4
Let s(o) = 44*o**3 - 3*o - o**2 + 4*o + o - 1. What is the tens digit of s(1)?
4
Suppose -w - 2*r = -44, -96 = 3*w - 6*w + 3*r. What is the units digit of w?
6
Let v(s) be the second derivative of s**4/12 - 4*s**3/3 + 9*s**2/2 + 3*s. Let p be v(7). Suppose -p*h = h - 54. What is the units digit of h?
8
Suppose -5*b + 217 = d + 2*d, -3*d + 224 = -2*b. What is the units digit of d?
4
Let v(p) be the first derivative of 3*p**2/2 - 11*p + 5. What is the tens digit of v(8)?
1
Suppose 5*s - 18 = -3*m, -2*s = -s - m - 2. Let k be -1*1*(-11 - -6). What is the units digit of (4/k)/(s/15)?
4
Let o(n) be the first derivative of -n**3/3 - 3*n**2 - n - 3. What is the units digit of o(-5)?
4
Let c be (0 + 3)*28/(-6). Let w be (-4)/14 + (-32)/c. What is the units digit of (1/(w/(-18)))/(-1)?
9
Suppose 3*n - 17 = 10. Suppose 0 = 3*v - 9 - n. What is the units digit of v/(-3) + 16/2?
6
Suppose 10*x - 420 = 5*x. Let m = x - 44. What is the units digit of m?
0
What is the units digit of ((-90)/(-4))/(5/30)?
5
Let q = 400 + -252. What is the hundreds digit of q?
1
Let s = 73 + -57. What is the tens digit of s?
1
Suppose 0 = 3*n - 58 + 4. Let p = -36 + n. Let k = p + 33. What is the units digit of k?
5
Let x(b) = -b**2 + 15*b + 20. What is the units digit of x(16)?
4
Let n = 1 + 4. Suppose 4*m - n*k - 47 = 0, -k = -4*m + 2*k + 41. What is the units digit of m?
8
Let v be 2/(-4) - (-41)/2. Suppose -3*k = 4*u + 24, -4*k - 12 = u + 33. Let t = v + k. What is the units digit of t?
8
Let i(n) = n - 9. Let y be i(10). What is the units digit of 7*y - (8 - 8)?
7
What is the hundreds digit of -3 + 24/(-32) + (-467)/(-4)?
1
Suppose 13 = -3*p - 2*q, -p = 2*q - 0 - 1. What is the tens digit of 1253/49 - 3/p?
2
Let n(w) = -w**3 + 5*w**2 - w + 3. Let z be n(5). Let m(v) = -14*v - 3. Let k be m(z). Suppose -3*s - 7 + k = 0. What is the units digit of s?
6
Let u(b) = 2*b**2 - 46*b + 4. What is the tens digit of u(25)?
0
Suppose -2*s + 19 = s - 2*b, 4*b = -2*s + 2. Suppose -5*t - 62 = -r, r - s*t - 156 = -2*r. What is the units digit of r?
7
Let g(s) = s**3 + 13*s**2 - 6*s - 5. Let a(t) = -2*t**3 - 25*t**2 + 11*t + 9. Let f = 9 + -20. Let z(n) = f*g(n) - 6*a(n). What is the units digit of z(-7)?
1
Let t = -4 + 15. Let m(v) = -3*v**3 + 5*v**2 - 2. Let w(h) = 16*h**3 - 25*h**2 - h + 10. Let g(l) = t*m(l) + 2*w(l). What is the units digit of g(4)?
6
Suppose -i + 5 = 2. Suppose 5*b - i*q - 46 = 0, -2*q = 2*b - 29 + 1. What is the units digit of b?
1
Suppose 0 = 5*p - 3*r - 494, -r = p + 2*r - 106. What is the units digit of p?
0
Let r(t) = 10*t**2 + 2*t. What is the tens digit of r(2)?
4
Suppose 0 = 5*t - 162 - 263. What is the tens digit of t?
8
Suppose 0 = 4*d - 75 - 381. What is the hundreds digit of d?
1
Let t be 4046/(-11) - (-6)/(-33). What is the tens digit of (-2)/(-1)*t/(-32)?
2
Let z = -214 + 133. Let h be z/(-15) - 4/10. Let r = h + -3. What is the units digit of r?
2
Suppose -3*p - 16 = -5*p. What is the units digit of p?
8
Let o = 11 + -8. Suppose -z + 4*x = -6*z + 8, 10 = -5*z + 5*x. Suppose d - c = o*c + 11, z = 5*c. What is the units digit of d?
1
Let r(w) = -w. Let t(q) = -9*q - 1. Let m(c) = -2*r(c) + t(c). Let x be m(-1). Let j = x - 1. What is the units digit of j?
5
Suppose 77 = d + d - 5*w, 96 = 3*d - w. What is the units digit of d?
1
Let t(x) = -10*x + 0*x**2 - x**2 - 2 + 5. Let n(z) = -z**2 - 9*z + 3. Let k(a) = -6*n(a) + 5*t(a). What is the units digit of k(-7)?
8
What is the tens digit of 145 - (3/(-6))/(2/(-4))?
4
Let i(n) = -n**2 + 13*n - 8. Let o = 2 - -8. What is the units digit of i(o)?
2
Let o(z) = z**2 - z - 1. Let x be o(-2). Suppose 30 = 5*h - x*u, -4*h - 3*u - u = -40. Suppose -3*y + 27 = r - h*y, r = 3*y + 19. What is the units digit of r?
7
Let o(n) = -7*n**2 - 19*n**3 - n + 0*n + 18*n**3 + 5. What is the units digit of o(-7)?
2
Suppose -f + 16 = 3*f. What is the units digit of f?
4
Let a(u) = u - 3. Let x be a(9). Suppose -8 = -2*o + m + m, 0 = 2*o - m - 5. Suppose o + x = h. What is the units digit of h?
7
Let u be ((-5)/(-3) + -3)*3. Let n = 19 + u. What is the tens digit of n?
1
What is the tens digit of 118/((-2 - -6) + -2)?
5
Let g(p) be the second derivative of p**5/20 + 3*p**4/4 + p**3 - 2*p. Let v be g(-8). What is the units digit of (v/(-6))/((-2)/6)?
8
Suppose 0 = b + 3*i - 29, -4*b + 0*b = -4*i - 52. What is the units digit of b?
7
What is the units digit of 98*(3 + (-20)/8)?
9
Let b(i) = -i**3 - 6*i**2 - 7*i - 9. Let y = 4 + -10. What is the tens digit of b(y)?
3
What is the tens digit of 3 + (2/6)/((-2)/(-516))?
8
What is the tens digit of (-12)/(-30) + (-519)/(-15) + -1?
3
Suppose -5*t = 4*f - 0*t - 1106, -831 = -3*f - 3*t. What is the units digit of f?
9
What is the tens digit of 88 + -2 + 0 + 1?
8
Suppose 3*r + 12 = -2*s, 0*s + 27 = -2*r + 5*s. What is the units digit of (r/5)/(6/(-15))?
3
Let y = 582 + -411. What is the hundreds digit of y?
1
Suppose 0 = -4*c + 4, -5*c + 170 = n + 4*n. What is the units digit of n?
3
Let p(f) = 35*f + 44. What is the units digit of p(6)?
4
Suppose 8*y = 10*y - 4. Suppose -y*a - 2*a + 59 = d, 5*d - 2*a - 185 = 0. What is the units digit of d?
9
Let b(h) be the first derivative of h**4/4 + 5*h**3/3 - 3*h**2/2 - 5*h - 1. What is the tens digit of b(-5)?
1
Let k = 12 + -6. Let c(r) = -11*r - 1. Let b(z) = -2*z. Let l(s) = k*c(s) - 34*b(s). What is the units digit of l(6)?
6
Let a(f) = f**3 + 5*f**2 + f + 1. Let s be a(-5). Let i(r) = -r**3 - 3*r**2 + 2. What is the units digit of i(s)?
8
Let l(a) = a**2 + 3. Let w be l(3). Suppose 0 = 2*t - t - w. Suppose 5*m - 47 + t = 0. What is the units digit of m?
7
Suppose 3*w + 0*w - 525 = 0. What is the hundreds digit of w?
1
Suppose k = 2*k - 4. Suppose -k*x = -3*x. Suppose 0*t + 31 = 4*t - z, x = -5*t + z + 40. What is the units digit of t?
9
Suppose 5*w - 149 = -2*p, -6*w = -9*w - 15. What is the units digit of p?
7
Let r = -56 - -100. Suppose 2*l - 30 = -2*q, -5*l - r = -5*q + 3*q. What is the tens digit of q?
1
Suppose f - 192 = -2*f. What is the units digit of f?
4
What is the tens digit of (366*-1)/(-3) - (0 - 2)?
2
Suppose 8 = -5*a + 18. What is the units digit of a?
2
Let i be (3 + 4*-1)*1. What is the tens digit of (-23)/i + 4/(-2)?
2
Let c be ((-28)/(-6))/((-2)/(-6)). Suppose -5*b - 2*m = -c, 2*m - 12 = b - 5*b. Suppose b*o = -4*g + 20, -o + 2*g = -6*o + 34. What is the units digit of o?
6
Let c = 5 + -3. Suppose 2*p = -5*l - 11, -5*l - 3 = 3*p - c*l. Suppose -p*q + 3 = -11. What is the units digit of q?
7
Let t = 13 - 9. Suppose 3*q - 110 = t*i, -3*i - 17 + 2 = 0. What is the tens digit of q?
3
What is the tens digit of 2 - (2 - -1) - -41?
4
Suppose 2*g - 26 = -4. Suppose 2*r + 8*t - g = 3*t, -4*r + 2*t + 10 = 0. What is the units digit of (-21)/(-9) - 1/r?
2
Let g = 16 + 52. What is the tens digit of g?
6
Suppose 2*f = -3*b + 21, 17 = 5*f + 2*b - 8. Suppose 37 = f*n - 5*x, n - 3*x = x + 3. What is the units digit of n?
9
Suppose 12 = i + 2*o, -5*i - o + 4 = -11. Suppose 2*l - 3*l - 70 = -i*s, -5*s + 3*l + 176 = 0. What is the units digit of s?
4
Let y(u) = -u**3 + u**2 - u - 1.